{"id":146,"date":"2018-02-09T14:12:48","date_gmt":"2018-02-09T13:12:48","guid":{"rendered":"http:\/\/www.alhelp.cz\/?page_id=146"},"modified":"2018-02-09T16:22:21","modified_gmt":"2018-02-09T15:22:21","slug":"techsoup","status":"publish","type":"page","link":"https:\/\/www.alhelp.cz\/?page_id=146","title":{"rendered":"TechSoup"},"content":{"rendered":"<p><a href=\"https:\/\/www.techsoup.cz\/\"><img loading=\"lazy\" decoding=\"async\" class=\"alignnone size-full wp-image-143\" src=\"https:\/\/www.alhelp.cz\/wp-content\/uploads\/2018\/02\/TechSoup_248_60-logo.png\" alt=\"\" width=\"248\" height=\"60\" \/><\/a><\/p>\n<p>Software a hardware pro neziskov\u00e9 organizace<\/p>\n<p>TechSoup \u010cesk\u00e1 republika<\/p>\n<p>Sdru\u017een\u00ed VIA, z. \u00fa.<br \/>\nD\u011blnick\u00e1 1324\/9<br \/>\n170 00 Praha 7 &#8211; Hole\u0161ovice<\/p>\n<p>T: 774 000 985<br \/>\nE: podpora@techsoup.cz<\/p>\n","protected":false},"excerpt":{"rendered":"<p>Software a hardware pro neziskov\u00e9 organizace TechSoup \u010cesk\u00e1 republika Sdru\u017een\u00ed VIA, z. \u00fa. D\u011blnick\u00e1 1324\/9 170 00 Praha 7 &#8211; Hole\u0161ovice T: 774 000 985 E: podpora@techsoup.cz<\/p>\n","protected":false},"author":1,"featured_media":0,"parent":27,"menu_order":0,"comment_status":"closed","ping_status":"closed","template":"","meta":{"footnotes":""},"class_list":["post-146","page","type-page","status-publish","hentry"],"_links":{"self":[{"href":"https:\/\/www.alhelp.cz\/index.php?rest_route=\/wp\/v2\/pages\/146","targetHints":{"allow":["GET"]}}],"collection":[{"href":"https:\/\/www.alhelp.cz\/index.php?rest_route=\/wp\/v2\/pages"}],"about":[{"href":"https:\/\/www.alhelp.cz\/index.php?rest_route=\/wp\/v2\/types\/page"}],"author":[{"embeddable":true,"href":"https:\/\/www.alhelp.cz\/index.php?rest_route=\/wp\/v2\/users\/1"}],"replies":[{"embeddable":true,"href":"https:\/\/www.alhelp.cz\/index.php?rest_route=%2Fwp%2Fv2%2Fcomments&post=146"}],"version-history":[{"count":2,"href":"https:\/\/www.alhelp.cz\/index.php?rest_route=\/wp\/v2\/pages\/146\/revisions"}],"predecessor-version":[{"id":149,"href":"https:\/\/www.alhelp.cz\/index.php?rest_route=\/wp\/v2\/pages\/146\/revisions\/149"}],"up":[{"embeddable":true,"href":"https:\/\/www.alhelp.cz\/index.php?rest_route=\/wp\/v2\/pages\/27"}],"wp:attachment":[{"href":"https:\/\/www.alhelp.cz\/index.php?rest_route=%2Fwp%2Fv2%2Fmedia&parent=146"}],"curies":[{"name":"wp","href":"https:\/\/api.w.org\/{rel}","templated":true}]}}