{"id":24,"date":"2023-04-21T17:34:13","date_gmt":"2023-04-21T15:34:13","guid":{"rendered":"http:\/\/www.alhelp.cz\/?page_id=24"},"modified":"2024-02-01T14:55:23","modified_gmt":"2024-02-01T13:55:23","slug":"alhelp","status":"publish","type":"page","link":"https:\/\/www.alhelp.cz\/","title":{"rendered":"Alhelp"},"content":{"rendered":"<p>Spolek ALHELP je dobrovoln\u00fdm, nevl\u00e1dn\u00edm, neziskov\u00fdm a nepolitick\u00fdm sdru\u017een\u00edm ob\u010dan\u016f, v n\u011bm\u017e se sdru\u017eili zast\u00e1nci ochrany p\u0159\u00edrody a krajiny a ob\u010dan\u00e9 se zdravotn\u00edm posti\u017een\u00edm k aktivn\u00ed \u010dinnosti na svou podporu, k popularizaci t\u011bchto aktivit a k poskytov\u00e1n\u00ed obecn\u011b prosp\u011b\u0161n\u00e9 \u010dinnosti v oblasti pomoci a osv\u011bty. Ob\u010dansk\u00fd spolek aktivn\u011b spolupracuje s&nbsp;velkou skupinou nada\u010dn\u00edch fond\u016f, zdravotnick\u00fdch za\u0159\u00edzen\u00ed, soci\u00e1ln\u00edch za\u0159\u00edzen\u00ed, instituc\u00ed ochrany \u017eivotn\u00edho prost\u0159ed\u00ed a z\u00e1jmov\u00fdch sdru\u017een\u00ed.<a href=\"https:\/\/www.alhelp.cz\/wp-content\/uploads\/2015\/08\/logo-2-strom-invalida.jpg\"><img loading=\"lazy\" decoding=\"async\" class=\"alignnone size-medium wp-image-8\" src=\"https:\/\/www.alhelp.cz\/wp-content\/uploads\/2015\/08\/logo-2-strom-invalida-300x290.jpg\" alt=\"logo 2\" width=\"300\" height=\"290\" srcset=\"https:\/\/www.alhelp.cz\/wp-content\/uploads\/2015\/08\/logo-2-strom-invalida-300x290.jpg 300w, https:\/\/www.alhelp.cz\/wp-content\/uploads\/2015\/08\/logo-2-strom-invalida.jpg 919w\" sizes=\"auto, (max-width: 300px) 100vw, 300px\" \/><\/a><\/p>\n<p>&nbsp;<\/p>\n\n\n<div class=\"wp-block-cover\" style=\"min-height:270px;aspect-ratio:unset;\"><span aria-hidden=\"true\" class=\"wp-block-cover__background has-background-dim\"><\/span><img loading=\"lazy\" decoding=\"async\" width=\"1440\" height=\"665\" class=\"wp-block-cover__image-background wp-image-1171\" alt=\"\" src=\"https:\/\/www.alhelp.cz\/wp-content\/uploads\/2023\/12\/Vcela-e-shop-ALHELP.jpg\" data-object-fit=\"cover\" srcset=\"https:\/\/www.alhelp.cz\/wp-content\/uploads\/2023\/12\/Vcela-e-shop-ALHELP.jpg 1440w, https:\/\/www.alhelp.cz\/wp-content\/uploads\/2023\/12\/Vcela-e-shop-ALHELP-300x139.jpg 300w, https:\/\/www.alhelp.cz\/wp-content\/uploads\/2023\/12\/Vcela-e-shop-ALHELP-1024x473.jpg 1024w, https:\/\/www.alhelp.cz\/wp-content\/uploads\/2023\/12\/Vcela-e-shop-ALHELP-768x355.jpg 768w\" sizes=\"auto, (max-width: 1440px) 100vw, 1440px\" \/><div class=\"wp-block-cover__inner-container is-layout-flow wp-block-cover-is-layout-flow\">\n<p class=\"has-text-align-center has-large-font-size\"><a href=\"https:\/\/alhelp.sumupstore.com\/\">E-SHOP &#8211; ALHELP<\/a><\/p>\n\n\n\n<p><\/p>\n<\/div><\/div>\n\n\n\n<p><\/p>\n\n\n\n<p><a href=\"https:\/\/alhelp.sumupstore.com\/\">https:\/\/alhelp.sumupstore.com\/<\/a><\/p>\n\n\n\n<figure class=\"wp-block-image size-full is-resized\"><a href=\"https:\/\/www.alza.cz\/?idp=20948&amp;banner_id=70884\"><img loading=\"lazy\" decoding=\"async\" width=\"844\" height=\"284\" src=\"https:\/\/www.alhelp.cz\/wp-content\/uploads\/2024\/02\/ALZA-logo.jpeg\" alt=\"\" class=\"wp-image-1221\" style=\"width:481px;height:auto\" srcset=\"https:\/\/www.alhelp.cz\/wp-content\/uploads\/2024\/02\/ALZA-logo.jpeg 844w, https:\/\/www.alhelp.cz\/wp-content\/uploads\/2024\/02\/ALZA-logo-300x101.jpeg 300w, https:\/\/www.alhelp.cz\/wp-content\/uploads\/2024\/02\/ALZA-logo-768x258.jpeg 768w\" sizes=\"auto, (max-width: 844px) 100vw, 844px\" \/><\/a><\/figure>\n\n\n\n<figure class=\"wp-block-image size-full\"><a href=\"https:\/\/www.alhelp.cz\/wp-content\/uploads\/2024\/02\/Alza-Affiliate-APP-QR-1.2.2024.jpg\"><img loading=\"lazy\" decoding=\"async\" width=\"349\" height=\"427\" src=\"https:\/\/www.alhelp.cz\/wp-content\/uploads\/2024\/02\/Alza-Affiliate-APP-QR-1.2.2024.jpg\" alt=\"\" class=\"wp-image-1230\" srcset=\"https:\/\/www.alhelp.cz\/wp-content\/uploads\/2024\/02\/Alza-Affiliate-APP-QR-1.2.2024.jpg 349w, https:\/\/www.alhelp.cz\/wp-content\/uploads\/2024\/02\/Alza-Affiliate-APP-QR-1.2.2024-245x300.jpg 245w\" sizes=\"auto, (max-width: 349px) 100vw, 349px\" \/><\/a><\/figure>\n\n\n\n<p><strong><em>P\u0159\u00edsp\u011bvek 400,- K\u010d pro spolek ALHELP jednodu\u0161e p\u0159es QR <\/em><\/strong><\/p>\n\n\n<div class=\"wp-block-image\">\n<figure class=\"aligncenter size-full\"><a href=\"https:\/\/www.alhelp.cz\/wp-content\/uploads\/2023\/07\/QR-kod-platba-ALHELP-400-Kc-qr-code-public.png\"><img loading=\"lazy\" decoding=\"async\" width=\"280\" height=\"280\" src=\"https:\/\/www.alhelp.cz\/wp-content\/uploads\/2023\/07\/QR-kod-platba-ALHELP-400-Kc-qr-code-public.png\" alt=\"\" class=\"wp-image-1069\" srcset=\"https:\/\/www.alhelp.cz\/wp-content\/uploads\/2023\/07\/QR-kod-platba-ALHELP-400-Kc-qr-code-public.png 280w, https:\/\/www.alhelp.cz\/wp-content\/uploads\/2023\/07\/QR-kod-platba-ALHELP-400-Kc-qr-code-public-150x150.png 150w\" sizes=\"auto, (max-width: 280px) 100vw, 280px\" \/><\/a><\/figure>\n<\/div>","protected":false},"excerpt":{"rendered":"<p>Spolek ALHELP je dobrovoln\u00fdm, nevl\u00e1dn\u00edm, neziskov\u00fdm a nepolitick\u00fdm sdru\u017een\u00edm ob\u010dan\u016f, v n\u011bm\u017e se sdru\u017eili zast\u00e1nci ochrany p\u0159\u00edrody a krajiny a ob\u010dan\u00e9 se zdravotn\u00edm posti\u017een\u00edm k aktivn\u00ed \u010dinnosti na svou podporu, k popularizaci t\u011bchto aktivit a k poskytov\u00e1n\u00ed obecn\u011b prosp\u011b\u0161n\u00e9 \u010dinnosti v oblasti pomoci a osv\u011bty. Ob\u010dansk\u00fd spolek aktivn\u011b spolupracuje s&nbsp;velkou skupinou nada\u010dn\u00edch fond\u016f, zdravotnick\u00fdch za\u0159\u00edzen\u00ed, &hellip; <a href=\"https:\/\/www.alhelp.cz\/\" class=\"more-link\">Pokra\u010dov\u00e1n\u00ed textu <span class=\"screen-reader-text\">Alhelp<\/span> <span class=\"meta-nav\">&rarr;<\/span><\/a><\/p>\n","protected":false},"author":1,"featured_media":0,"parent":0,"menu_order":0,"comment_status":"closed","ping_status":"open","template":"","meta":{"footnotes":""},"class_list":["post-24","page","type-page","status-publish","hentry"],"_links":{"self":[{"href":"https:\/\/www.alhelp.cz\/index.php?rest_route=\/wp\/v2\/pages\/24","targetHints":{"allow":["GET"]}}],"collection":[{"href":"https:\/\/www.alhelp.cz\/index.php?rest_route=\/wp\/v2\/pages"}],"about":[{"href":"https:\/\/www.alhelp.cz\/index.php?rest_route=\/wp\/v2\/types\/page"}],"author":[{"embeddable":true,"href":"https:\/\/www.alhelp.cz\/index.php?rest_route=\/wp\/v2\/users\/1"}],"replies":[{"embeddable":true,"href":"https:\/\/www.alhelp.cz\/index.php?rest_route=%2Fwp%2Fv2%2Fcomments&post=24"}],"version-history":[{"count":22,"href":"https:\/\/www.alhelp.cz\/index.php?rest_route=\/wp\/v2\/pages\/24\/revisions"}],"predecessor-version":[{"id":1231,"href":"https:\/\/www.alhelp.cz\/index.php?rest_route=\/wp\/v2\/pages\/24\/revisions\/1231"}],"wp:attachment":[{"href":"https:\/\/www.alhelp.cz\/index.php?rest_route=%2Fwp%2Fv2%2Fmedia&parent=24"}],"curies":[{"name":"wp","href":"https:\/\/api.w.org\/{rel}","templated":true}]}}