{"id":250,"date":"2019-01-12T13:40:38","date_gmt":"2019-01-12T12:40:38","guid":{"rendered":"http:\/\/www.alhelp.cz\/?page_id=250"},"modified":"2019-01-12T13:43:05","modified_gmt":"2019-01-12T12:43:05","slug":"rana","status":"publish","type":"page","link":"https:\/\/www.alhelp.cz\/?page_id=250","title":{"rendered":"Rana"},"content":{"rendered":"\n<figure class=\"wp-block-image is-resized\"><img loading=\"lazy\" decoding=\"async\" src=\"https:\/\/www.alhelp.cz\/wp-content\/uploads\/2019\/01\/logo_Rana-1-1024x406.png\" alt=\"\" class=\"wp-image-251\" width=\"176\" height=\"69\" srcset=\"https:\/\/www.alhelp.cz\/wp-content\/uploads\/2019\/01\/logo_Rana-1-1024x406.png 1024w, https:\/\/www.alhelp.cz\/wp-content\/uploads\/2019\/01\/logo_Rana-1-300x119.png 300w, https:\/\/www.alhelp.cz\/wp-content\/uploads\/2019\/01\/logo_Rana-1-768x304.png 768w\" sizes=\"auto, (max-width: 176px) 100vw, 176px\" \/><\/figure>\n\n\n\n<p><strong>Adresa:<\/strong><\/p>\n\n\n\n<p>RANA HRADEC KR\u00c1LOV\u00c9 spol. s r.o.<br>Ho\u0159ick\u00e1 22<br>Hradec Kr\u00e1lov\u00e9<br>500 02<\/p>\n\n\n\n<p><strong>Prodejn\u00ed doba:<\/strong><\/p>\n\n\n\n<p><strong>Po &#8211; P\u00e1:<\/strong> <br>8:00 &#8211; 16:00<br><strong>So &#8211; Ne:<\/strong>&nbsp;<br>zav\u0159eno<\/p>\n\n\n\n<p><strong>Kontaktujte n\u00e1s:<\/strong><\/p>\n\n\n\n<p>Telefon:&nbsp;495 511 263<br>Fax:&nbsp;495 512 473<br>E-mail: rana@rana.cz<\/p>\n\n\n\n<p><a href=\"http:\/\/rana.cz\/\">www.rana.cz<\/a><\/p>\n","protected":false},"excerpt":{"rendered":"<p>Adresa: RANA HRADEC KR\u00c1LOV\u00c9 spol. s r.o.Ho\u0159ick\u00e1 22Hradec Kr\u00e1lov\u00e9500 02 Prodejn\u00ed doba: Po &#8211; P\u00e1: 8:00 &#8211; 16:00So &#8211; Ne:&nbsp;zav\u0159eno Kontaktujte n\u00e1s: Telefon:&nbsp;495 511 263Fax:&nbsp;495 512 473E-mail: rana@rana.cz www.rana.cz<\/p>\n","protected":false},"author":1,"featured_media":0,"parent":27,"menu_order":0,"comment_status":"closed","ping_status":"closed","template":"","meta":{"footnotes":""},"class_list":["post-250","page","type-page","status-publish","hentry"],"_links":{"self":[{"href":"https:\/\/www.alhelp.cz\/index.php?rest_route=\/wp\/v2\/pages\/250","targetHints":{"allow":["GET"]}}],"collection":[{"href":"https:\/\/www.alhelp.cz\/index.php?rest_route=\/wp\/v2\/pages"}],"about":[{"href":"https:\/\/www.alhelp.cz\/index.php?rest_route=\/wp\/v2\/types\/page"}],"author":[{"embeddable":true,"href":"https:\/\/www.alhelp.cz\/index.php?rest_route=\/wp\/v2\/users\/1"}],"replies":[{"embeddable":true,"href":"https:\/\/www.alhelp.cz\/index.php?rest_route=%2Fwp%2Fv2%2Fcomments&post=250"}],"version-history":[{"count":4,"href":"https:\/\/www.alhelp.cz\/index.php?rest_route=\/wp\/v2\/pages\/250\/revisions"}],"predecessor-version":[{"id":256,"href":"https:\/\/www.alhelp.cz\/index.php?rest_route=\/wp\/v2\/pages\/250\/revisions\/256"}],"up":[{"embeddable":true,"href":"https:\/\/www.alhelp.cz\/index.php?rest_route=\/wp\/v2\/pages\/27"}],"wp:attachment":[{"href":"https:\/\/www.alhelp.cz\/index.php?rest_route=%2Fwp%2Fv2%2Fmedia&parent=250"}],"curies":[{"name":"wp","href":"https:\/\/api.w.org\/{rel}","templated":true}]}}