{"id":705,"date":"2021-08-03T17:06:06","date_gmt":"2021-08-03T15:06:06","guid":{"rendered":"https:\/\/www.alhelp.cz\/?page_id=705"},"modified":"2021-08-03T17:17:11","modified_gmt":"2021-08-03T15:17:11","slug":"den-zdravi-2021","status":"publish","type":"page","link":"https:\/\/www.alhelp.cz\/?page_id=705","title":{"rendered":"DEN ZDRAV\u00cd 2021"},"content":{"rendered":"\n<figure class=\"wp-block-image is-resized\"><img loading=\"lazy\" decoding=\"async\" src=\"https:\/\/pacientskeorganizace.mzcr.cz\/res\/photogallery\/th-den-zdravi-letak.jpeg\" alt=\"\" width=\"325\" height=\"218\"\/><\/figure>\n\n\n\n<p>V roce 2021 jsme se \u00fa\u010dastnili 3. ro\u010dn\u00edku Dne zdrav\u00ed, kter\u00e9 po\u0159\u00e1d\u00e1 MZ\u010cR. Letos se Den zdrav\u00ed p\u0159esunul na Karlovo n\u00e1m\u011bst\u00ed v Praze, co\u017e byla dobr\u00e1 volba. Po\u010das\u00ed bylo vynikaj\u00edc\u00ed a v\u0161ude panovala p\u0159\u00e1telsk\u00e1 atmosf\u00e9ra.<\/p>\n\n\n\n<figure class=\"wp-block-image size-large\"><a href=\"https:\/\/www.alhelp.cz\/wp-content\/uploads\/2021\/08\/DSC_1993-scaled.jpg\"><img loading=\"lazy\" decoding=\"async\" width=\"1024\" height=\"576\" src=\"https:\/\/www.alhelp.cz\/wp-content\/uploads\/2021\/08\/DSC_1993-1024x576.jpg\" alt=\"\" class=\"wp-image-712\" srcset=\"https:\/\/www.alhelp.cz\/wp-content\/uploads\/2021\/08\/DSC_1993-1024x576.jpg 1024w, https:\/\/www.alhelp.cz\/wp-content\/uploads\/2021\/08\/DSC_1993-300x169.jpg 300w, https:\/\/www.alhelp.cz\/wp-content\/uploads\/2021\/08\/DSC_1993-768x432.jpg 768w, https:\/\/www.alhelp.cz\/wp-content\/uploads\/2021\/08\/DSC_1993-1536x864.jpg 1536w, https:\/\/www.alhelp.cz\/wp-content\/uploads\/2021\/08\/DSC_1993-2048x1152.jpg 2048w\" sizes=\"auto, (max-width: 1024px) 100vw, 1024px\" \/><\/a><\/figure>\n\n\n\n<figure class=\"wp-block-image size-large\"><a href=\"https:\/\/www.alhelp.cz\/wp-content\/uploads\/2021\/08\/IMG_20210731_104924910_HDR-scaled.jpg\"><img loading=\"lazy\" decoding=\"async\" width=\"768\" height=\"1024\" src=\"https:\/\/www.alhelp.cz\/wp-content\/uploads\/2021\/08\/IMG_20210731_104924910_HDR-768x1024.jpg\" alt=\"\" class=\"wp-image-708\" srcset=\"https:\/\/www.alhelp.cz\/wp-content\/uploads\/2021\/08\/IMG_20210731_104924910_HDR-768x1024.jpg 768w, https:\/\/www.alhelp.cz\/wp-content\/uploads\/2021\/08\/IMG_20210731_104924910_HDR-225x300.jpg 225w, https:\/\/www.alhelp.cz\/wp-content\/uploads\/2021\/08\/IMG_20210731_104924910_HDR-1152x1536.jpg 1152w, https:\/\/www.alhelp.cz\/wp-content\/uploads\/2021\/08\/IMG_20210731_104924910_HDR-1536x2048.jpg 1536w, https:\/\/www.alhelp.cz\/wp-content\/uploads\/2021\/08\/IMG_20210731_104924910_HDR-scaled.jpg 1920w\" sizes=\"auto, (max-width: 768px) 100vw, 768px\" \/><\/a><\/figure>\n\n\n\n<figure class=\"wp-block-image size-large\"><a href=\"https:\/\/www.alhelp.cz\/wp-content\/uploads\/2021\/08\/IMG_20210731_110342288-scaled.jpg\"><img loading=\"lazy\" decoding=\"async\" width=\"768\" height=\"1024\" src=\"https:\/\/www.alhelp.cz\/wp-content\/uploads\/2021\/08\/IMG_20210731_110342288-768x1024.jpg\" alt=\"\" class=\"wp-image-709\" srcset=\"https:\/\/www.alhelp.cz\/wp-content\/uploads\/2021\/08\/IMG_20210731_110342288-768x1024.jpg 768w, https:\/\/www.alhelp.cz\/wp-content\/uploads\/2021\/08\/IMG_20210731_110342288-225x300.jpg 225w, https:\/\/www.alhelp.cz\/wp-content\/uploads\/2021\/08\/IMG_20210731_110342288-1152x1536.jpg 1152w, https:\/\/www.alhelp.cz\/wp-content\/uploads\/2021\/08\/IMG_20210731_110342288-1536x2048.jpg 1536w, https:\/\/www.alhelp.cz\/wp-content\/uploads\/2021\/08\/IMG_20210731_110342288-scaled.jpg 1920w\" sizes=\"auto, (max-width: 768px) 100vw, 768px\" \/><\/a><\/figure>\n\n\n\n<figure class=\"wp-block-image size-large\"><a href=\"https:\/\/www.alhelp.cz\/wp-content\/uploads\/2021\/08\/DSC_2002-scaled.jpg\"><img loading=\"lazy\" decoding=\"async\" width=\"1024\" height=\"576\" src=\"https:\/\/www.alhelp.cz\/wp-content\/uploads\/2021\/08\/DSC_2002-1024x576.jpg\" alt=\"\" class=\"wp-image-710\" srcset=\"https:\/\/www.alhelp.cz\/wp-content\/uploads\/2021\/08\/DSC_2002-1024x576.jpg 1024w, https:\/\/www.alhelp.cz\/wp-content\/uploads\/2021\/08\/DSC_2002-300x169.jpg 300w, https:\/\/www.alhelp.cz\/wp-content\/uploads\/2021\/08\/DSC_2002-768x432.jpg 768w, https:\/\/www.alhelp.cz\/wp-content\/uploads\/2021\/08\/DSC_2002-1536x864.jpg 1536w, https:\/\/www.alhelp.cz\/wp-content\/uploads\/2021\/08\/DSC_2002-2048x1152.jpg 2048w\" sizes=\"auto, (max-width: 1024px) 100vw, 1024px\" \/><\/a><\/figure>\n\n\n\n<figure class=\"wp-block-image size-large\"><a href=\"https:\/\/www.alhelp.cz\/wp-content\/uploads\/2021\/08\/DSC_1989-scaled.jpg\"><img loading=\"lazy\" decoding=\"async\" width=\"1024\" height=\"576\" src=\"https:\/\/www.alhelp.cz\/wp-content\/uploads\/2021\/08\/DSC_1989-1024x576.jpg\" alt=\"\" class=\"wp-image-711\" srcset=\"https:\/\/www.alhelp.cz\/wp-content\/uploads\/2021\/08\/DSC_1989-1024x576.jpg 1024w, https:\/\/www.alhelp.cz\/wp-content\/uploads\/2021\/08\/DSC_1989-300x169.jpg 300w, https:\/\/www.alhelp.cz\/wp-content\/uploads\/2021\/08\/DSC_1989-768x432.jpg 768w, https:\/\/www.alhelp.cz\/wp-content\/uploads\/2021\/08\/DSC_1989-1536x864.jpg 1536w, https:\/\/www.alhelp.cz\/wp-content\/uploads\/2021\/08\/DSC_1989-2048x1152.jpg 2048w\" sizes=\"auto, (max-width: 1024px) 100vw, 1024px\" \/><\/a><\/figure>\n\n\n\n<figure class=\"wp-block-image size-large\"><a href=\"https:\/\/www.alhelp.cz\/wp-content\/uploads\/2021\/08\/DSC_1995-scaled.jpg\"><img loading=\"lazy\" decoding=\"async\" width=\"1024\" height=\"576\" src=\"https:\/\/www.alhelp.cz\/wp-content\/uploads\/2021\/08\/DSC_1995-1024x576.jpg\" alt=\"\" class=\"wp-image-713\" srcset=\"https:\/\/www.alhelp.cz\/wp-content\/uploads\/2021\/08\/DSC_1995-1024x576.jpg 1024w, https:\/\/www.alhelp.cz\/wp-content\/uploads\/2021\/08\/DSC_1995-300x169.jpg 300w, https:\/\/www.alhelp.cz\/wp-content\/uploads\/2021\/08\/DSC_1995-768x432.jpg 768w, https:\/\/www.alhelp.cz\/wp-content\/uploads\/2021\/08\/DSC_1995-1536x864.jpg 1536w, https:\/\/www.alhelp.cz\/wp-content\/uploads\/2021\/08\/DSC_1995-2048x1152.jpg 2048w\" sizes=\"auto, (max-width: 1024px) 100vw, 1024px\" \/><\/a><\/figure>\n\n\n\n<p><a href=\"https:\/\/www.blesk.cz\/clanek\/zpravy-koronavirus\/686232\/mobilni-tymy-jsou-lepsi-varianta-nez-ockovaci-misto-mini-vojtech-babis-vytahl-knihy.html#utm_content=freshnews&amp;utm_term=den%20zdrav%C3%AD&amp;utm_medium=hint&amp;utm_source=search.seznam.cz\">https:\/\/www.blesk.cz\/clanek\/zpravy-koronavirus\/686232\/mobilni-tymy-jsou-lepsi-varianta-nez-ockovaci-misto-mini-vojtech-babis-vytahl-knihy.html#utm_content=freshnews&amp;utm_term=den%20zdrav%C3%AD&amp;utm_medium=hint&amp;utm_source=search.seznam.cz<\/a><\/p>\n","protected":false},"excerpt":{"rendered":"<p>V roce 2021 jsme se \u00fa\u010dastnili 3. ro\u010dn\u00edku Dne zdrav\u00ed, kter\u00e9 po\u0159\u00e1d\u00e1 MZ\u010cR. Letos se Den zdrav\u00ed p\u0159esunul na Karlovo n\u00e1m\u011bst\u00ed v Praze, co\u017e byla dobr\u00e1 volba. Po\u010das\u00ed bylo vynikaj\u00edc\u00ed a v\u0161ude panovala p\u0159\u00e1telsk\u00e1 atmosf\u00e9ra. https:\/\/www.blesk.cz\/clanek\/zpravy-koronavirus\/686232\/mobilni-tymy-jsou-lepsi-varianta-nez-ockovaci-misto-mini-vojtech-babis-vytahl-knihy.html#utm_content=freshnews&amp;utm_term=den%20zdrav%C3%AD&amp;utm_medium=hint&amp;utm_source=search.seznam.cz<\/p>\n","protected":false},"author":1,"featured_media":0,"parent":24,"menu_order":0,"comment_status":"closed","ping_status":"closed","template":"","meta":{"footnotes":""},"class_list":["post-705","page","type-page","status-publish","hentry"],"_links":{"self":[{"href":"https:\/\/www.alhelp.cz\/index.php?rest_route=\/wp\/v2\/pages\/705","targetHints":{"allow":["GET"]}}],"collection":[{"href":"https:\/\/www.alhelp.cz\/index.php?rest_route=\/wp\/v2\/pages"}],"about":[{"href":"https:\/\/www.alhelp.cz\/index.php?rest_route=\/wp\/v2\/types\/page"}],"author":[{"embeddable":true,"href":"https:\/\/www.alhelp.cz\/index.php?rest_route=\/wp\/v2\/users\/1"}],"replies":[{"embeddable":true,"href":"https:\/\/www.alhelp.cz\/index.php?rest_route=%2Fwp%2Fv2%2Fcomments&post=705"}],"version-history":[{"count":4,"href":"https:\/\/www.alhelp.cz\/index.php?rest_route=\/wp\/v2\/pages\/705\/revisions"}],"predecessor-version":[{"id":717,"href":"https:\/\/www.alhelp.cz\/index.php?rest_route=\/wp\/v2\/pages\/705\/revisions\/717"}],"up":[{"embeddable":true,"href":"https:\/\/www.alhelp.cz\/index.php?rest_route=\/wp\/v2\/pages\/24"}],"wp:attachment":[{"href":"https:\/\/www.alhelp.cz\/index.php?rest_route=%2Fwp%2Fv2%2Fmedia&parent=705"}],"curies":[{"name":"wp","href":"https:\/\/api.w.org\/{rel}","templated":true}]}}